p + 7 + 5 = 0. Let f = 3 + p. Suppose -q = -4*q + f. What is the units digit of q?
5
Suppose -r = 3*r - 184. Suppose -2*w - 7*s + 19 = -2*s, 2*s = -4*w + r. What is the tens digit of w?
1
Suppose 3*c + 10 = c. Let n = c + 11. What is the units digit of n?
6
Suppose 3*v + 3*l = 2*l + 277, -3*l + 173 = 2*v. What is the tens digit of v?
9
Suppose -3*f - i = i - 6, 4*i - 6 = -3*f. Suppose f*m = -2*m + 20. What is the units digit of m?
5
Let n(m) = -m**2 - 9*m - 9. Let b be n(-7). Suppose 2*h = -p + 2, 0 = -3*p + 2*h + 1 + b. What is the units digit of p?
2
Let a(b) = b**3 - b**2 - 3*b - 2. Let p be a(-2). Let o = 18 - p. What is the tens digit of o?
2
Let n = 15 - -1. Suppose i + n = 5*i. What is the units digit of i?
4
Let g(s) = 2*s**2 - 4*s - 1. Suppose -2*t = -2*r - 4, -5*r - 7 = -5*t + t. Suppose -5*l - t*f + 3 = 0, 0*f - 16 = -4*l + f. What is the units digit of g(l)?
5
Let s(c) be the third derivative of -4*c**2 + 1/3*c**3 + 0*c + 1/24*c**4 + 0. What is the units digit of s(9)?
1
Suppose 0 = 3*a - m - 278 - 251, 5*a + 4*m = 910. What is the units digit of a?
8
Suppose -22 + 70 = 6*v. What is the units digit of v?
8
Suppose -2*y = -6*y. Let j = 0 - y. Suppose j = -a - 2*a + 12. What is the units digit of a?
4
Let b(s) = s**3 + 8*s**2 + 5*s - 7. What is the units digit of b(-3)?
3
Suppose 0 = 2*p - 8 - 0. Let a(f) be the first derivative of f**2/2 - 2. What is the units digit of a(p)?
4
Let b = -4 - 10. Let g be 2/(-5) + (-240)/25. Let y = g - b. What is the units digit of y?
4
Suppose 2*t - 2*q - 92 = -4*q, 5*t + 2*q = 221. Let r = t - 15. Suppose f - r = -f. What is the units digit of f?
4
Suppose -k = 6*v - 3*v - 63, 3*v = 2*k - 153. What is the units digit of k?
2
Let v(k) = -k**3 - 14*k**2 - k. What is the units digit of v(-14)?
4
What is the tens digit of 4/10 - 1616/(-10)?
6
Let r be (0 - -4) + (0 - 0). Let m be (-1 + 0)/(3/(-111)). Suppose -43 = -5*t - 3*y, r*t - m = -t + 3*y. What is the units digit of t?
8
Suppose -4*a + 3*a - 15 = -5*t, 11 = 3*a - t. Let o be ((-1 - -1)*-1)/1. Suppose o*c - a*c = -60. What is the units digit of c?
2
What is the tens digit of -1*(4 + -7 + -34)?
3
Let w(j) = 4*j**2 - 1. Let b be w(-1). Suppose -b*h + 31 = 10. What is the units digit of h?
7
Let j(f) = -4*f - 9. Let m be j(-4). Let q(s) be the third derivative of -s**4/24 + 3*s**3/2 + s**2. What is the units digit of q(m)?
2
Let w = 19 + -11. Let u(o) = -o + 12. Let b be u(w). Suppose -2*i - 10 = -4*z, z + b*i + 2 = -0*z. What is the units digit of z?
2
Let f(h) = -2*h**2 + 14*h + 5. Let g be f(7). Suppose 16 - g = j. What is the tens digit of j?
1
Let f = -152 - -261. What is the tens digit of f?
0
Let l(a) = 21*a**2 - 8*a + 14. What is the tens digit of l(2)?
8
What is the units digit of 3 + 108/(-45)*5/(-2)?
9
Let z(r) = 2*r**2 - 28*r + 28. What is the tens digit of z(15)?
5
Let a = 10 + 30. Suppose -3*g = -2*g + 5*p - 27, p + 5 = 5*g. Suppose -g*s = -7*s + a. What is the units digit of s?
8
Suppose 73 = 7*o - 3*o - 3*t, -4*o + 4*t = -68. What is the units digit of o?
2
Suppose 0 = 4*x + 43 - 295. What is the units digit of x?
3
Suppose -4*x + 14 = -2. Let y(a) = -a**3 + 3*a**2 + 3*a + 2. Let v be y(4). What is the units digit of 2/(x + (v - 0))?
1
Suppose 2*q = -0*q + 252. What is the tens digit of q?
2
Suppose -3*a + 2*a = 1. Let q = a - -2. What is the units digit of q/(2/8 - 0)?
4
Suppose 69 = -0*y + 3*y. What is the tens digit of y?
2
Let h = 157 + 97. What is the tens digit of h?
5
Let y be (-3)/12 + (-35)/4. Let n be -2 - (5 - 0)/(-1). What is the units digit of (-75)/(-9) + n/y?
8
Let h(m) = m - 3. Let i be h(5). Suppose -3*l + 0*u = -4*u - 16, -l - u + 10 = 0. Suppose i*a - 4 = l. What is the units digit of a?
6
Let k be (3 - 0)/((-9)/(-6)). What is the units digit of 0 + k + 3 + -2?
3
Let w(y) = 2*y**3 + y**2 - y + 1. What is the units digit of w(1)?
3
Let g be (-1 + -1)*(-30)/20. Suppose 2*a - 2*r - 42 = 0, 0 = 5*a + 5*r - g*r - 91. What is the units digit of a?
9
Let f(w) = w + 10. Let d be f(10). Suppose 2*t + d = 4*m, 2*m - t - 16 = -m. What is the units digit of m?
6
Suppose 7 = 5*i - 28. Suppose 0 = h - 1 - i. What is the units digit of h?
8
Let b(t) = t**2 + 13*t + 9. Let z be b(-7). Let g = z - -64. What is the units digit of g?
1
What is the units digit of (-2)/(-4) - (-74)/4?
9
Let x(a) = a**3 + 5*a**2 + 2*a + 4. Let l be x(-5). What is the units digit of 5 - 4 - l/3?
3
Suppose 19 = 4*z - 1. Suppose 33 + 7 = z*a. What is the units digit of a?
8
Let v(d) = 11*d + 5. Let i(a) = 23*a + 11. Let n(z) = -4*i(z) + 9*v(z). What is the units digit of n(1)?
8
Suppose 0 = -0*w - 5*w - 35. What is the units digit of 6/21 - 47/w?
7
Let q be 2 + (1 - (-2)/2). Let p = -3 + q. Suppose p = n - 1. What is the units digit of n?
2
Suppose 0 = q + s + 35, 0 = -q + 4*s - 18 - 32. Let r = q - -56. What is the tens digit of r?
1
Let j(v) = -3*v + 1. Let q be j(1). Let p be -2 + q*(-5)/2. What is the units digit of (7*3)/p - 2?
5
Let q be (-43)/(-9) + (-4)/(-18). What is the tens digit of 101/q + (-3)/15?
2
Let f = 33 - -22. What is the units digit of f?
5
Let g = -6 - -19. What is the tens digit of g?
1
Let v(m) = -2*m**3 - 5*m**2 - 4*m - 4. Let g be v(-4). Suppose 0*z + g = 5*z. What is the units digit of z?
2
Suppose -592 = -7*a - a. What is the units digit of a?
4
Let r be (-2)/5 - (-4)/10. Let w = r + 0. Suppose y = -w*y + 8. What is the units digit of y?
8
Let x be (-2 - 2)*(-6)/12. Suppose x*z - 12 = 68. What is the units digit of z?
0
Suppose 2*r - 3*y = -28, -20 = -5*y - 0*y. Let s(a) = -4*a - 11. What is the units digit of s(r)?
1
Let f(y) be the first derivative of y**3/3 + 5*y**2/2 - 10*y + 3. What is the units digit of f(-7)?
4
Suppose 5*y + 4 = -w + 18, 4*y + 4*w - 24 = 0. Suppose 31 = i - y*o, o - 70 = -2*i - 18. What is the units digit of i?
7
Let h = 0 - -9. What is the units digit of h?
9
Suppose 5*v + 0*v - 140 = -4*n, 0 = 2*n + 3*v - 72. What is the units digit of n?
0
Let u = 81 + -15. What is the units digit of u?
6
Suppose l - 5*k - 114 = 0, -l + 5*k = 3*l - 501. What is the units digit of l?
9
What is the tens digit of 3 - (-198)/(3/1)?
6
Let v = -1 - -2. Let m = v - -15. What is the units digit of m?
6
Let k(p) = -p**3 - 6*p**2 + 6*p - 4. Let m be k(-7). Suppose -5*l - x - 20 = 0, 4*l + m*x + 8 = 2*l. What is the units digit of (-2)/l - (-22)/4?
6
Let k(m) = -m**2 + m + 2. Let n be k(2). Let t be 2 - (n/2 - -2). Suppose t = 4*b + 20 - 56. What is the units digit of b?
9
Let o(n) = -n**2 + 5*n. Suppose 4*c + c - 2*y + 10 = 0, -2*c - 3*y + 15 = 0. Suppose 5*m - m = p + 13, 2*m + 2*p - 14 = c. What is the units digit of o(m)?
4
Let k = 67 - -7. What is the tens digit of k?
7
Suppose -5*m + m + 24 = 0. What is the units digit of 5/((-10)/m)*-1?
3
Let x(w) = -w**3 - 8*w**2 + w + 2. Let t be x(-8). Let m = t + 10. Suppose -28 = -2*a - 5*f, -3*f = m*a - 0*f - 28. What is the units digit of a?
4
Let s = 10 + -5. Suppose 16 = 2*b + 4*p, 4*b + 18 = s*b + 4*p. What is the units digit of 0 + b + 4 + -1?
1
Suppose p = 2, 5*v - p - 330 = -6*p. What is the units digit of v?
4
Let s(l) = -l + 13. Let d be s(13). Suppose d = -h + 2*h - 1. What is the units digit of h?
1
Let c = -6 + 60. What is the tens digit of c?
5
Suppose 5*z - 3*z - 20 = 0. Let a = z - 9. What is the units digit of a?
1
Let j(k) = 3*k**3 - 3*k**2 + k + 2. Let c be j(2). Let i be (-86)/8 + (-3)/(-4). Let d = c + i. What is the units digit of d?
6
Let r = 20 + -1. Let u(c) = c + 14. Let y be u(-3). Let t = r - y. What is the units digit of t?
8
Let k(o) = -o + 12. Let b be k(7). Suppose 3*c - u - 10 = 15, -5*u + 15 = b*c. What is the units digit of c?
7
Let k be (2 + -1)/1 - -1. Let b = 6 - k. Suppose 31 + 37 = b*l. What is the units digit of l?
7
What is the units digit of (-4)/((-16)/6)*(-40)/(-6)?
0
Suppose -3*b + 328 = 115. What is the tens digit of b?
7
Suppose -g - y + 105 = 0, 3*g - 3*y = -0*y + 327. What is the units digit of g?
7
Let o = 263 - 181. What is the tens digit of o?
8
Suppose -3*h = 7 - 43. Suppose 3*y = p + 33, 0 = -2*y + p + 9 + h. What is the units digit of (2 + 10/(-6))*y?
4
Suppose 0 = 7*d - 4*d + 12. Let z be 4/(-6)*(-6)/d. Let v = z + 14. What is the units digit of v?
3
Let m = -11 - 5. Suppose 2 = 5*b + 4*s + 32, 4*b = -4*s - 28. What is the un